t m(b) = 18*b**2 - b - 2. Suppose -2*v + v = 0. Suppose v = -l + 3. Is m(l) a composite number?
False
Let b(g) = -g**3 + g - 2*g**2 - 4*g**2 + 0*g**3 + 5*g**2. Let r(i) = i**3 - 8*i**2 - 6*i - 2. Let p(v) = -2*b(v) - r(v). Is p(-9) a prime number?
True
Let g = -2673 + 5914. Is g a composite number?
True
Let p(q) be the second derivative of 4*q**3/3 - 7*q**2 + 2*q. Suppose 23 = -5*n + 53. Is p(n) a prime number?
False
Let s = -174 + 302. Suppose -t - 2*p + s = 10, -98 = -t + 2*p. Let m = t - -154. Is m prime?
False
Let m(x) = -7*x**2 + x**3 - 5 - 5 + 0 - x - 6*x. Is m(9) prime?
True
Let v = -3291 - -5593. Is v prime?
False
Is (-314650)/(-60) + (-10)/(-12) prime?
False
Let g(l) = -76*l + 21. Suppose -4*y - 4 = 32. Let u be g(y). Suppose 0*v + 5*v = u. Is v a composite number?
True
Let g be ((-16)/((-4)/1))/2. Suppose 2*v + g*v = -3*x + 271, -3*x = 2*v - 269. Is x a prime number?
True
Is 43863/6*(5 - (4 + -1)) prime?
True
Suppose 4*c - 158 = -i + 5*c, -5*i + 798 = 3*c. Is i a prime number?
False
Suppose -998 = -4*a + v, 30*v - 25*v + 10 = 0. Is a a composite number?
True
Suppose 6*m + 63 - 21 = 0. Let y = m - -3. Is y + 4/2 + 21 composite?
False
Is -5*30/(-400) + (-64805)/(-8) a composite number?
False
Let d = -14 - 5. Let x be 1*(-48)/4*d. Suppose 0*g + x = 4*g. Is g a prime number?
False
Suppose 40*w = 13*w + 120717. Is w prime?
False
Suppose -2*b = -4*h + 30, -3*h + 36 = h + 4*b. Is (-239)/(-2) + (-4)/h prime?
False
Suppose -3*q + 2*q = -4*b - 7193, 2*q + 3*b - 14408 = 0. Is q prime?
False
Suppose 5*s + 6515 = 2*h - 7834, -35883 = -5*h + 2*s. Is h prime?
True
Let z(u) = u**3 + 13*u**2 + 14*u - 7. Let d be z(-9). Suppose d*k - 5277 = 188*k. Is k prime?
True
Let n = 14914 - 8315. Is n a composite number?
False
Let z(j) = j**2 + 2*j. Let i be z(-2). Suppose 0 = 5*r + 4*a - 437, r - 5*r + 3*a + 362 = i. Is r a prime number?
True
Let t = -23 + 14. Is 6/t - (-6042)/18 prime?
False
Let t = 80 + -73. Is (1*t)/((-23)/(-391)) a composite number?
True
Let g = -11811 - -26666. Is g a prime number?
False
Let x = 276 + -62. Suppose 5*b = -0*j + j - 62, -3*j = -b - x. Let i = j - -647. Is i a composite number?
False
Suppose 0 = r - 3*i - 0*i + 1, -3 = r - 5*i. Suppose 0*p + 2*p + 3*l - 2417 = 0, 0 = r*l + 6. Is p prime?
True
Let p = -17 - -21. Suppose -p*a = -a - 15. Suppose a*y = -0*y + 1345. Is y composite?
False
Suppose -14*q = -19*q + 7620. Let g = -205 + q. Is g composite?
False
Let c = 93 + -35. Suppose 0 = 54*b - c*b + 4124. Is b a composite number?
False
Suppose 5*m - l + 3*l = -15, -5*l = m + 3. Let w be m - (0 - (-4 - -7)). Suppose -6*n + 2*n + 172 = w. Is n prime?
True
Let i = 2439 - -2298. Is i prime?
False
Suppose -10*i - 2124 = -28*i. Suppose 0 = 4*s + i - 1338. Is s composite?
True
Let i be ((-6)/9)/((-2)/258). Let a = i + 17. Let x = a + 58. Is x a prime number?
False
Let b(v) = 7*v - 130*v + 2 - 16*v - 6. Is b(-3) a prime number?
False
Suppose 165*g - 163*g - 12070 = 0. Suppose 15*d - 20*d + g = 0. Is d composite?
True
Suppose -15*r = -23*r. Suppose -2*s + 1062 - 76 = r. Is s a prime number?
False
Suppose 0 = 5*y - 2514 - 686. Let j = y + -218. Is j prime?
False
Let k(j) = -69*j**3 - j**2 + 14*j + 67. Is k(-6) prime?
True
Let t(l) = 3*l**2 - 9*l - 1. Let s(a) = a**3 + 5*a**2 + 2*a - 4. Let r be s(-3). Is t(r) prime?
False
Let w be -4*(6/(-3))/4. Let y be ((-10)/4)/(w/(-4)). Suppose 0 = -2*l + y*n + 112, 42 = 3*l - n - 100. Is l composite?
True
Suppose -3*l + 4*l - 3*a - 662 = 0, -2*a = l - 657. Suppose 0 = -2*x + l - 25. Is x composite?
False
Let s(j) = -j**3 - 5*j**2 + 4*j + 10. Let q be s(-6). Let u be 40/q - 10/(-55). Let k(d) = 33*d**3 - 2*d + 3. Is k(u) a composite number?
False
Let p = -1064 + 1763. Suppose 5*z - p = i, -417 + 1120 = 5*z - 2*i. Is z composite?
False
Let t = 32995 - -16414. Is t a prime number?
True
Suppose 61*r - 1178369 - 842378 = 0. Is r a prime number?
False
Suppose -23*d + 31*d - 61168 = 0. Is d a composite number?
True
Let f(v) be the third derivative of 16*v**5/15 + 7*v**4/24 - 2*v**3/3 - 3*v**2. Is f(3) a prime number?
True
Let q = -14092 + 20897. Is q a composite number?
True
Suppose 0 = -t + 4*f + 250, 3*t + 0*f + 5*f - 801 = 0. Let s(d) = -d**3 - 10*d**2 - 7*d + 3. Let b be s(-6). Let p = t + b. Is p prime?
True
Is (-8 - -5 - -4)*(2619 - -14) prime?
True
Let h(z) = -26463*z + 14. Is h(-5) composite?
False
Suppose 0 = 5*t - 25, -y = -0*t - t + 3. Is (-2 - -1)/(y/(-898)) composite?
False
Suppose 0 = 4*r + a, -2*a = -2*r + 2*a. Is r + 3 - 8 - -192 prime?
False
Suppose 3*t + 2*t = 0. Let n be 4 + 1 + t/(-2). Suppose 8*o - n*o = 381. Is o prime?
True
Let d(u) = -u**2 - 4 + 9*u**2 - 4*u**2 + 17*u. Let r be d(7). Let a = r + -154. Is a composite?
False
Suppose -216004 = -64*a + 293628. Is a prime?
True
Let n(b) = b**3 - b**2 - 2*b - 5. Let u be n(-4). Let h = 50 - u. Is h a prime number?
True
Let o(s) = -103*s**3 + 3*s**2 + 3*s + 15. Is o(-6) prime?
False
Let h(y) be the second derivative of 809*y**4/12 + y**3/3 - y**2 - y. Is h(1) a prime number?
True
Suppose -m + 2799 = 2*b, -2*m + b = -0*b - 5573. Is m a composite number?
False
Let b(g) = 10*g**2 - 12*g - 25. Is b(-6) composite?
True
Suppose 0 = -7*f + 3*f - d + 9839, -4*d = -3*f + 7365. Is f a composite number?
False
Suppose -d + 3*g + 582 = 0, -d + 2*d = -g + 574. Suppose -d = -c - 3*c. Let x = -65 + c. Is x composite?
False
Let r = 10371 - 4900. Is r a prime number?
True
Let z = -49 - -81. Suppose b + z = -2*u + 5*u, -3*u + 5*b + 28 = 0. Let t(o) = o**3 - 5*o**2 - 17*o + 8. Is t(u) prime?
True
Let g be (9/(-15))/(6/(-30)). Suppose o = -g*q + 4086, 3*q = q - 5*o + 2737. Is q composite?
False
Is 8 + 11/((-77)/(-249795)) composite?
True
Suppose -1 = -4*v + 47. Let d(b) = -19*b + 12. Let l be d(-1). Let m = l - v. Is m a composite number?
False
Let p(z) = 294*z**2 + 18*z + 37. Is p(-2) prime?
False
Let c = -10733 + 16294. Is c prime?
False
Suppose 2*m - 4*d = 386, -m - 32*d + 27*d + 172 = 0. Is m a prime number?
False
Let f(v) = 2418*v**2 + 26*v - 29. Is f(-10) prime?
True
Let p(x) = x**2 + 11*x + 2. Let v be p(-11). Suppose 0 = o - 0*u - 2*u + 1, 5*o - 35 = v*u. Is o a composite number?
True
Suppose -y - 5*p + 1392 = 2*y, -2*y + 928 = -4*p. Let c(n) = -3*n - 6. Let o be c(-3). Suppose 2*w - 259 = -5*u - 1, 4*w - o*u = y. Is w composite?
True
Suppose 0 = 5*h - 8 - 7. Let t = 89 + h. Let b = t + -59. Is b composite?
True
Let g(m) = 3*m**3 - 5*m**2 + m - 4. Let z(a) = a + 12. Let c be z(-5). Suppose -2*u + 3 = -c. Is g(u) a prime number?
True
Let d(j) = -j**2 - j - 1. Let p(i) = i**3 - 9*i**2 + 3*i - 3. Let y(r) = -6*d(r) - p(r). Let g be y(11). Is (g - -1)*1*1 a prime number?
False
Suppose 3*t + 16953 = 44550. Is t a prime number?
True
Let q(h) = -3*h - 15. Let x be q(14). Let i = x - -184. Is i a composite number?
False
Is (-7)/(21/(-89133)) - -6 composite?
False
Suppose -12 = -5*n + 3. Let r be 1/(11/(-4) + n). Suppose 0 = -r*j + 178 + 98. Is j a prime number?
False
Let c(i) = 11*i**3 - 22*i**2 + 19*i + 9. Is c(11) prime?
True
Suppose 4*l + 565 = 2*b - 851, 0 = -2*b + 4. Let j(u) = 162*u - 10. Let w be j(-7). Let a = l - w. Is a a prime number?
False
Let a(u) = 46*u**2 + 7*u + 7. Let f be a(-5). Is (-4 + (f - 1))/1 prime?
True
Let p = -2141 - -10298. Is p a prime number?
False
Suppose 0 = 6*r - 2*r + 48. Let h be -85*-111*r/45. Let d = h - -3613. Is d composite?
False
Suppose 4*d = -2*j + 36058, -9*j - 4*d = -8*j - 18021. Is j a composite number?
True
Let q(d) be the third derivative of -d**6/120 + 11*d**5/60 - d**4/3 - 11*d**3/6 + d**2. Is q(9) composite?
False
Let k = -275 + 81. Is 3/(-6)*3*k composite?
True
Let f(x) = -14*x**3 + 2*x**2 - 2*x + 3. Let m(b) = 57*b**3 - 9*b**2 + 8*b - 13. Let j(z) = -9*f(z) - 2*m(z). Is j(1) a composite number?
False
Is (5 - 7)/((-2)/23509) prime?
True
Let w(y) be the first derivative of -123*y**4/2 + 5*y**3/3 + y**2/2 + y + 29. Is w(-2) prime?
True
Suppose 0 = -3*n - 3821 - 166. Let r = -876 - n. Let h = -152 + r. Is h prime?
False
Let z = 1714 + 1373. Is -4 + z + 4*(-2)/2 composite?
False
Suppose 0*z = 2*z - 61986. Is z prime?
False
Let p(f) = 3*f**2 - 6*f + 4. Let x be p(4). Suppose 25*t + 10 = 26*t. Suppose 2*v - x = t. Is v a prime number?
True
Suppose 0 = 2*k - 2, -316 = 5*l + 2*k - 2133. Let d be 4244/(-18) + (-4)/18.